{"id":2019,"date":"2016-03-30T16:45:21","date_gmt":"2016-03-30T14:45:21","guid":{"rendered":"http:\/\/sandbox.curlythemes.com\/pirouette\/?page_id=8"},"modified":"2024-05-23T08:55:15","modified_gmt":"2024-05-23T06:55:15","slug":"verein","status":"publish","type":"page","link":"https:\/\/www.tsgbayreuth.de\/index.php\/verein\/","title":{"rendered":"Verein"},"content":{"rendered":"[vc_row curly_section_title=&#8220;Verein&#8220;][vc_column width=&#8220;1\/2&#8243;][vc_column_text]\n<div class=\"wrapper row-fluid container\">\n<p>Die Tanzsportgemeinschaft Bayreuth existiert seit 1989. Sie ist ein gemeinn\u00fctziger Verein, der es sich zur Aufgabe gemacht hat, den Tanzsport in Bayreuth zu f\u00f6rdern. Vor allem jugendlichen T\u00e4nzern soll die M\u00f6glichkeit gegeben werden, Tanzsport zu betreiben. F\u00fcr die aktive Teilnahme an den Trainings wird das Goldstarabzeichen des ADTV vorausgesetzt.<\/p>\n<p>Aus anfangs 10 Gr\u00fcndungsmitgliedern wurden inzwischen \u00fcber 100 \u2013 aus einer Trainingseinheit w\u00f6chentlich wurden inzwischen mehrere feste Termine, die w\u00e4hrend der Woche als allgemeines Training in den R\u00e4umen der crea-dance-Tanzschule Jahn stattfinden. Diese Stunden werden von Helmut Jahn sowie Andy D\u00f6ring geleitet. Die aktuell zwei Formationen der TSG Bayreuth trainieren sowohl unter der Woche als auch am Wochenende. Dieses Training findet entweder in der Tanzschule oder in uns freundlicherweise kostenlos zur Verf\u00fcgung gestellten R\u00e4umen der Stadt Bayreuth statt.<\/p>\n<p>Neben der F\u00f6rderung des Tanzsports hat sich die Tanzsportgemeinschaft Bayreuth auch die Ausrichtung von Turnieren, B\u00e4llen und einem abwechslungsreichen Freizeitprogramm zur Aufgabe gemacht.<\/p>\n<p>Im Jahr 1998 erfolgte die Umgr\u00fcndung in den gemeinn\u00fctzigen Verein \u201eTanzsportgemeinschaft Bayreuth e.V.\u201c, der als Mitglied im BLSV und im Deutschen Tanzsportverband seither auch Ausrichter unserer Formationsturniere ist.<\/p><\/div>\n[\/vc_column_text][\/vc_column][vc_column width=&#8220;1\/2&#8243;][vc_single_image image=&#8220;2205&#8243; img_size=&#8220;large&#8220; style=&#8220;img-frame-large&#8220;][\/vc_column][\/vc_row][vc_row full_width=&#8220;stretch_row&#8220; gap=&#8220;30&#8243; content_placement=&#8220;middle&#8220; curly_bg_repeat=&#8220;bg-no-repeat&#8220; curly_bg_position=&#8220;bg-pos-center-top&#8220; css=&#8220;.vc_custom_1553748861955{margin-bottom: 30px !important;border-bottom-width: 1px !important;background-image: url(https:\/\/www.tsgbayreuth.de\/wp-content\/uploads\/2019\/03\/190228_tsg_background_verein_2.jpg?id=2409) !important;background-position: center !important;background-repeat: no-repeat !important;background-size: contain !important;border-bottom-color: #f4f4f4 !important;border-bottom-style: solid !important;}&#8220; curly_section_title=&#8220;Vorstand&#8220;][vc_column width=&#8220;1\/4&#8243;][vc_single_image image=&#8220;2425&#8243; img_size=&#8220;large&#8220; el_class=&#8220;img-frame-large&#8220;][vc_column_text]\n<div class=\"col8-s container orange-brd\">\n<h4 style=\"text-align: center;\">1. Vorsitzender<\/h4>\n<h5 style=\"text-align: center;\"><strong>Helmut Jahn<\/strong><\/h5>\n<h4 style=\"text-align: center;\">0921\/66260<br \/>\n<a href=\"mailto:tanzschule.jahn@gmx.de\">tanzschule.jahn@gmx.de<\/a><\/h4>\n<\/div>\n[\/vc_column_text][vc_single_image image=&#8220;2427&#8243; img_size=&#8220;large&#8220; el_class=&#8220;img-frame-large&#8220;][vc_column_text]\n<div class=\"col8-s container orange-brd\">\n<h4 style=\"text-align: center;\">Kassenwart<\/h4>\n<h5 style=\"text-align: center;\"><strong>J\u00f6rg<br \/>\nKanwischer<br \/>\n<\/strong><\/h5>\n<h4 style=\"text-align: center;\">0921\/2899974<br \/>\n<a href=\"mailto:thomas.huttinger@tsgbayreuth.de\">joerg.kanwischer@tsgbayreuth.de<\/a><\/h4>\n<\/div>\n[\/vc_column_text][vc_single_image image=&#8220;2731&#8243; img_size=&#8220;large&#8220; el_class=&#8220;img-frame-large&#8220;][vc_column_text]\n<div class=\"col8-s container orange-brd\">\n<h4 style=\"text-align: center;\">Schriftf\u00fchrer<\/h4>\n<h5 style=\"text-align: center;\"><strong>Andreas D\u00f6ring<br \/>\n<\/strong><\/h5>\n<h4 style=\"text-align: center;\">0921\/81293<br \/>\n<a href=\"mailto:doeringbth@t-online.de\">doeringbth@t-online.de<\/a><\/h4>\n<\/div>\n[\/vc_column_text][\/vc_column][vc_column width=&#8220;1\/4&#8243;][vc_single_image image=&#8220;2426&#8243; img_size=&#8220;large&#8220; el_class=&#8220;img-frame-large&#8220;][vc_column_text]\n<div class=\"col8-s container orange-brd\">\n<h4 style=\"text-align: center;\">2. Vorsitzender<\/h4>\n<h5 style=\"text-align: center;\"><strong>Petra Jahn<\/strong><\/h5>\n<h4 style=\"text-align: center;\">0921\/66260<br \/>\n<a href=\"mailto:tanzschule.jahn@gmx.de\">tanzschule.jahn@gmx.de<\/a><\/h4>\n<\/div>\n[\/vc_column_text][vc_single_image image=&#8220;2428&#8243; img_size=&#8220;large&#8220; el_class=&#8220;img-frame-large&#8220;][vc_column_text]\n<div class=\"col8-s container orange-brd\">\n<h4 style=\"text-align: center;\">Sportwart<\/h4>\n<h5 style=\"text-align: center;\"><strong>Thomas Huttinger<\/strong><\/h5>\n<h4 style=\"text-align: center;\">0921\/35450<br \/>\n<a href=\"mailto:thomas.huttinger@tsgbayreuth.de\">thomas.huttinger@tsgbayreuth.de<\/a><\/h4>\n<\/div>\n[\/vc_column_text][vc_single_image image=&#8220;2376&#8243; img_size=&#8220;large&#8220; el_class=&#8220;img-frame-large&#8220;][vc_column_text]\n<div class=\"col8-s container orange-brd\">\n<h4 style=\"text-align: center;\">Stellvertretender Sportwart<\/h4>\n<h5 style=\"text-align: center;\"><strong>Lukas Maisel<br \/>\n<\/strong><\/h5>\n<h4 style=\"text-align: center;\">\u00a00921\/xxxx<br \/>\n<a href=\"mailto:lukas.maisel@tsgbayreuth.de\">lukas.maisel@tsgbayreuth.de<\/a><\/h4>\n<\/div>\n[\/vc_column_text][\/vc_column][\/vc_row][vc_row full_width=&#8220;stretch_row_content_no_spaces&#8220; curly_padding=&#8220;content-padding-none&#8220; css=&#8220;.vc_custom_1471445746929{background-color: #656565 !important;}&#8220; curly_parallax_parent=&#8220;true&#8220; el_class=&#8220;parallax-visible&#8220; curly_section_title=&#8220;Gallery&#8220; curly_section_color=&#8220;rgba(255,255,255,0.44)&#8220;][vc_column css=&#8220;.vc_custom_1470068083577{margin-top: -5.1875rem !important;}&#8220; curly_parallax_parent=&#8220;true&#8220;]<div class='xtd-carousel-filmstrip__container xtd-carousel-filmstrip--offset-  filtered-image  '><div class='xtd-carousel-filmstrip' data-speed='150000'>[vc_single_image image=&#8220;2391&#8243; img_size=&#8220;large&#8220; onclick=&#8220;link_image&#8220; el_class=&#8220;test&#8220;][vc_single_image image=&#8220;2382&#8243; img_size=&#8220;large&#8220; onclick=&#8220;link_image&#8220;][vc_single_image image=&#8220;2388&#8243; img_size=&#8220;large&#8220; onclick=&#8220;link_image&#8220;][vc_single_image image=&#8220;2390&#8243; img_size=&#8220;large&#8220;][vc_single_image image=&#8220;2385&#8243; img_size=&#8220;large&#8220;][vc_single_image image=&#8220;2381&#8243; img_size=&#8220;large&#8220; onclick=&#8220;link_image&#8220;][vc_single_image image=&#8220;2245&#8243; img_size=&#8220;large&#8220;][vc_single_image image=&#8220;2387&#8243; img_size=&#8220;large&#8220; onclick=&#8220;link_image&#8220;]<\/div><\/div>[vc_empty_space height=&#8220;8rem&#8220;][\/vc_column][\/vc_row]\n","protected":false},"excerpt":{"rendered":"<p>[vc_row curly_section_title=&#8220;Verein&#8220;][vc_column width=&#8220;1\/2&#8243;][vc_column_text] Die Tanzsportgemeinschaft Bayreuth existiert seit 1989. Sie ist ein gemeinn\u00fctziger Verein, der es sich zur Aufgabe gemacht hat, den Tanzsport in Bayreuth zu f\u00f6rdern. Vor allem jugendlichen T\u00e4nzern soll die M\u00f6glichkeit gegeben werden, Tanzsport zu betreiben. F\u00fcr die aktive Teilnahme an den Trainings wird das Goldstarabzeichen des ADTV vorausgesetzt. Aus anfangs 10 Gr\u00fcndungsmitgliedern wurden inzwischen \u00fcber 100 [&hellip;]<\/p>\n","protected":false},"author":2,"featured_media":0,"parent":0,"menu_order":0,"comment_status":"closed","ping_status":"closed","template":"","meta":[],"_links":{"self":[{"href":"https:\/\/www.tsgbayreuth.de\/index.php\/wp-json\/wp\/v2\/pages\/2019"}],"collection":[{"href":"https:\/\/www.tsgbayreuth.de\/index.php\/wp-json\/wp\/v2\/pages"}],"about":[{"href":"https:\/\/www.tsgbayreuth.de\/index.php\/wp-json\/wp\/v2\/types\/page"}],"author":[{"embeddable":true,"href":"https:\/\/www.tsgbayreuth.de\/index.php\/wp-json\/wp\/v2\/users\/2"}],"replies":[{"embeddable":true,"href":"https:\/\/www.tsgbayreuth.de\/index.php\/wp-json\/wp\/v2\/comments?post=2019"}],"version-history":[{"count":18,"href":"https:\/\/www.tsgbayreuth.de\/index.php\/wp-json\/wp\/v2\/pages\/2019\/revisions"}],"predecessor-version":[{"id":2732,"href":"https:\/\/www.tsgbayreuth.de\/index.php\/wp-json\/wp\/v2\/pages\/2019\/revisions\/2732"}],"wp:attachment":[{"href":"https:\/\/www.tsgbayreuth.de\/index.php\/wp-json\/wp\/v2\/media?parent=2019"}],"curies":[{"name":"wp","href":"https:\/\/api.w.org\/{rel}","templated":true}]}}